lculate the highest common factor of 65 and 1885.
65
Calculate the highest common divisor of 327 and 436.
109
Calculate the greatest common factor of 492 and 12.
12
Calculate the greatest common divisor of 2229 and 6.
3
Calculate the highest common factor of 492 and 102.
6
Calculate the greatest common divisor of 4167 and 9.
9
What is the greatest common factor of 12 and 772?
4
Calculate the highest common factor of 108 and 156.
12
What is the greatest common divisor of 2952 and 144?
72
Calculate the highest common factor of 9 and 21609.
9
What is the highest common divisor of 107 and 321?
107
What is the highest common divisor of 70 and 294?
14
What is the greatest common divisor of 20189 and 26?
13
What is the greatest common divisor of 5883 and 111?
111
Calculate the greatest common factor of 80 and 360.
40
What is the greatest common factor of 157 and 41?
1
What is the greatest common factor of 19 and 589?
19
Calculate the greatest common factor of 34 and 986.
34
Calculate the highest common factor of 111 and 851.
37
What is the greatest common factor of 391 and 5134?
17
What is the greatest common factor of 606 and 258?
6
What is the greatest common factor of 32 and 1744?
16
Calculate the greatest common divisor of 407 and 222.
37
What is the highest common divisor of 126 and 819?
63
Calculate the highest common factor of 585 and 90.
45
What is the greatest common divisor of 150 and 50?
50
Calculate the greatest common factor of 45 and 55.
5
Calculate the greatest common divisor of 83 and 1079.
83
What is the highest common divisor of 12 and 2076?
12
Calculate the highest common divisor of 66 and 54.
6
Calculate the highest common divisor of 14 and 1890.
14
Calculate the highest common factor of 894 and 30.
6
Calculate the greatest common divisor of 249 and 3.
3
What is the highest common divisor of 250 and 90?
10
What is the highest common divisor of 1339 and 103?
103
Calculate the highest common factor of 6 and 7329.
3
Calculate the highest common divisor of 917 and 262.
131
Calculate the greatest common factor of 621 and 135.
27
What is the highest common divisor of 18 and 801?
9
Calculate the highest common divisor of 286 and 2145.
143
Calculate the highest common divisor of 2732 and 36.
4
What is the highest common factor of 121 and 5566?
121
What is the highest common factor of 130 and 10?
10
What is the highest common divisor of 583 and 106?
53
Calculate the greatest common divisor of 15 and 9.
3
What is the highest common divisor of 120 and 90?
30
What is the highest common divisor of 39 and 923?
13
Calculate the greatest common divisor of 3035 and 5.
5
Calculate the highest common divisor of 121 and 66.
11
What is the greatest common factor of 1518 and 33?
33
Calculate the greatest common divisor of 27 and 15039.
27
Calculate the greatest common factor of 61 and 1891.
61
Calculate the greatest common divisor of 5 and 215.
5
Calculate the greatest common divisor of 177 and 1947.
177
Calculate the highest common divisor of 1494 and 1098.
18
What is the highest common divisor of 3424 and 107?
107
What is the greatest common divisor of 11919 and 87?
87
What is the highest common factor of 4 and 1039?
1
What is the highest common divisor of 6450 and 516?
258
Calculate the greatest common factor of 600 and 25.
25
What is the greatest common factor of 104 and 1508?
52
What is the highest common factor of 312 and 195?
39
What is the greatest common divisor of 1 and 137?
1
Calculate the greatest common factor of 297 and 81.
27
Calculate the highest common factor of 25 and 5.
5
Calculate the greatest common divisor of 8 and 1684.
4
What is the highest common divisor of 18 and 1683?
9
Calculate the greatest common divisor of 11 and 1089.
11
What is the greatest common factor of 152 and 2755?
19
What is the highest common divisor of 656 and 16?
16
Calculate the greatest common factor of 42 and 3262.
14
Calculate the highest common divisor of 1770 and 236.
118
Calculate the highest common divisor of 126 and 4872.
42
What is the highest common factor of 20 and 380?
20
Calculate the highest common divisor of 255 and 35.
5
What is the highest common factor of 99 and 396?
99
What is the greatest common factor of 352 and 66?
22
Calculate the greatest common divisor of 724 and 4.
4
Calculate the greatest common divisor of 240 and 5940.
60
What is the highest common factor of 47 and 752?
47
What is the greatest common factor of 130 and 390?
130
Calculate the greatest common factor of 212 and 4.
4
Calculate the highest common divisor of 168 and 308.
28
What is the greatest common divisor of 355 and 10?
5
Calculate the greatest common divisor of 288 and 1872.
144
What is the highest common divisor of 136 and 102?
34
Calculate the highest common factor of 3864 and 42.
42
Calculate the highest common divisor of 46 and 1288.
46
Calculate the highest common factor of 20 and 750.
10
What is the highest common factor of 30 and 255?
15
Calculate the highest common factor of 26 and 754.
26
What is the highest common factor of 24 and 768?
24
What is the greatest common factor of 9460 and 215?
215
What is the highest common divisor of 280 and 105?
35
Calculate the greatest common divisor of 300 and 225.
75
Calculate the highest common factor of 22 and 1474.
22
What is the greatest common divisor of 741 and 156?
39
Calculate the highest common factor of 45 and 2385.
45
What is the greatest common divisor of 351 and 26?
13
Calculate the greatest common factor of 92 and 12.
4
Calculate the greatest common divisor of 2146 and 174.
58
Calculate the greatest common factor of 340 and 8.
4
Calculate the greatest common divisor of 1122 and 510.
102
Calculate the highest common divisor of 26 and 195.
13
Calculate the greatest common divisor of 4 and 19172.
4
What is the greatest common divisor of 252 and 28476?
252
Calculate the greatest common divisor of 117 and 5837.
13
What is the highest common divisor of 34 and 3995?
17
What is the highest common factor of 160 and 2160?
80
What is the highest common divisor of 8 and 3608?
8
What is the highest common factor of 576 and 192?
192
What is the highest common divisor of 92014 and 26?
26
What is the highest common divisor of 2001 and 87?
87
Calculate the highest common factor of 30 and 70.
10
Calculate the greatest common factor of 77 and 14.
7
What is the highest common factor of 184 and 322?
46
Calculate the highest common divisor of 80 and 70.
10
What is the highest common divisor of 16 and 1744?
16
Calculate the greatest common factor of 42 and 134.
2
What is the highest common factor of 8355 and 15?
15
Calculate the greatest common divisor of 731 and 34.
17
Calculate the highest common factor of 56 and 32.
8
What is the greatest common factor of 28 and 156?
4
What is the highest common factor of 20218 and 22?
22
Calculate the greatest common factor of 382 and 573.
191
What is the highest common divisor of 37 and 888?
37
Calculate the greatest common factor of 5505 and 30.
15
What is the greatest common factor of 1749 and 264?
33
Calculate the highest common divisor of 69 and 115.
23
Calculate the highest common factor of 48 and 21144.
24
Calculate the highest common factor of 928 and 29.
29
What is the greatest common divisor of 1232 and 385?
77
Calculate the highest common factor of 153 and 17.
17
Calculate the highest common divisor of 60 and 780.
60
Calculate the greatest common factor of 92 and 598.
46
What is the greatest common factor of 60 and 276?
12
Calculate the greatest common factor of 779 and 19.
19
What is the highest common divisor of 1100 and 44?
44
What is the highest common divisor of 208 and 1027?
13
Calculate the highest common divisor of 69 and 253.
23
What is the greatest common divisor of 85 and 2380?
85
What is the highest common divisor of 85 and 10?
5
Calculate the greatest common factor of 798 and 21.
21
Calculate the greatest common divisor of 246 and 9.
3
Calculate the highest common divisor of 39688 and 164.
164
Calculate the greatest common factor of 56 and 72.
8
Calculate the greatest common factor of 288 and 3060.
36
What is the greatest common divisor of 4089 and 87?
87
What is the highest common divisor of 6610 and 30?
10
What is the highest common divisor of 360 and 1470?
30
Ca